{"id":18,"date":"2023-06-01T12:38:36","date_gmt":"2023-06-01T12:38:36","guid":{"rendered":"https:\/\/chaireunesco.iut.u-bordeaux-montaigne.fr\/?page_id=18"},"modified":"2023-06-02T09:57:47","modified_gmt":"2023-06-02T09:57:47","slug":"partenariats","status":"publish","type":"page","link":"https:\/\/chaireunesco.iut.u-bordeaux-montaigne.fr\/index.php\/partenariats\/","title":{"rendered":"Partenariats"},"content":{"rendered":"\n<p><strong>Les institutions engag\u00e9es dans la mise en oeuvre op\u00e9rationnelle de la Chaire sont<\/strong>: <\/p>\n\n\n\n<ul>\n<li>L&rsquo;Universit\u00e9 et l\u2019IUT Bordeaux Montaigne<\/li>\n\n\n\n<li>L&rsquo;UMR CNRS Passages 5319<\/li>\n<\/ul>\n\n\n\n<p><strong>Les soutiens financiers proviennent de :<\/strong> <\/p>\n\n\n\n<ul>\n<li>L&rsquo;Universit\u00e9 Bordeaux Montaigne<\/li>\n\n\n\n<li>L&rsquo;UMR CNRS Passages 5319<\/li>\n\n\n\n<li>La Coordination Non-Violence XXI<\/li>\n<\/ul>\n\n\n\n<p><strong>Les supports \u00e9ditoriaux impliqu\u00e9s dans la valorisation des travaux sont<\/strong> : <\/p>\n\n\n\n<ul>\n<li>La maison d\u2019\u00e9dition \u00ab&nbsp;Carri\u00e8res Sociales Editions&nbsp;\u00bb (<a href=\"https:\/\/cseditions.wordpress.com\/\">https:\/\/cseditions.wordpress.com\/<\/a>).<\/li>\n\n\n\n<li>La revue num\u00e9rique internationale <em>Animation, territoires et pratiques socioculturelles<\/em> (Revue ATPS &#8211; revue de l&rsquo;UQAM&nbsp;; <a href=\"https:\/\/edition.uqam.ca\/atps\/about\">https:\/\/edition.uqam.ca\/atps\/about<\/a>)<\/li>\n\n\n\n<li>La revue <em>Alternatives Non-Violentes<\/em>&nbsp;(<a href=\"https:\/\/www.alternatives-non-violentes.org\/Revue\">https:\/\/www.alternatives-non-violentes.org\/Revue<\/a>&nbsp;)&nbsp;<\/li>\n<\/ul>\n\n\n\n<p><strong>Les organismes et institutions ayant manifest\u00e9 leur soutien au dispositif sont <\/strong>: <\/p>\n\n\n\n<ul>\n<li>Academic University College for Non-violence and Human Rights (Liban) ;<\/li>\n\n\n\n<li>Anthropological Research Institute (France) ;<\/li>\n\n\n\n<li>Association Centres d&rsquo;animation de Bordeaux, Cultivons le partage (France) ;<\/li>\n\n\n\n<li>Association du lien Interculturel Familial et Social (France) ;<\/li>\n\n\n\n<li>Association Internationale pour la Formation, la Recherche et l\u2019Intervention Sociale (AIFRIS) ;<\/li>\n\n\n\n<li>Association pour la Communication Non-Violente (France) ;<\/li>\n\n\n\n<li>Association pour la r\u00e9alisation d\u2019activit\u00e9s \u00e9ducatives, sociales et culturelles de la ville de Nantes (France) ;<\/li>\n\n\n\n<li>ATCC Institut &#8211; Approche et transformation constructives des conflits (France) ;<\/li>\n\n\n\n<li>Commission pour la lutte contre la maltraitance et la promotion de la bientraitance \u2013 Minist\u00e8re des solidarit\u00e9s et de la sant\u00e9 (France) ;<\/li>\n\n\n\n<li>Ecole Libanaise de Formation sociale (France) ;<\/li>\n\n\n\n<li>Ecole Sup\u00e9rieure de Praxis Sociale (France) :<\/li>\n\n\n\n<li>Escola Superior de Educa\u00e7\u00e3o Lisboa (Portugal) ;<\/li>\n\n\n\n<li>Escola Superior de Educa\u00e7\u00e3o Santarem (Portugal)<\/li>\n\n\n\n<li>F\u00e9d\u00e9ration 3977 contre la maltraitance (France) ;<\/li>\n\n\n\n<li>F\u00e9d\u00e9ration nationale d\u2019\u00e9ducation et de promotion de la sant\u00e9 (France) ;<\/li>\n\n\n\n<li>Haute Ecole de Travail Social HES-SO Gen\u00e8ve (Suisse) ;<\/li>\n\n\n\n<li>Haute Ecole de Travail Social HES-SO Lucerne (Suisse) ;<\/li>\n\n\n\n<li>Haute Ecole de Travail Social HES-SO Valais-Wallis (France) ;<\/li>\n\n\n\n<li>Institut de Formation du Mouvement pour une Alternative Non-violente (France) ;<\/li>\n\n\n\n<li>Institut de recherche sur la r\u00e9solution non-violente des conflits (France) ;<\/li>\n\n\n\n<li>Institut pour la Paix (ICP &#8211; Paris, France)<\/li>\n\n\n\n<li>Institut Sup\u00e9rieur de Formation Sociale et de Communication (ISFSC) Bruxelles (Belgique) ;<\/li>\n\n\n\n<li>Institut Universitaire de technologie de Bordeaux Montaigne (France)&nbsp;;<\/li>\n\n\n\n<li>Mouvement pour une alternative non-violente (France) ;<\/li>\n\n\n\n<li>Non-Violence XXI Coordination (France) ;<\/li>\n\n\n\n<li>Observatoire Universitaire International Education et Pr\u00e9vention (France) ;<\/li>\n\n\n\n<li>Protection Judiciaire de la Jeunesse (France) ;<\/li>\n\n\n\n<li>R\u00e9seau interdisciplinaire TRYSPACES (Qu\u00e9bec) ;<\/li>\n\n\n\n<li>R\u00e9seau International de l\u2019Animation ; UMR CNRS Passages 5319 (France) ;<\/li>\n\n\n\n<li>Union Nationale des Acteurs de la Formation et de la Recherche en Intervention Sociale (France) ;<\/li>\n\n\n\n<li>UMR CNRS Passages 5319 (France)<\/li>\n\n\n\n<li>Universidad Aut\u00f3noma de Chile (Chili) ;<\/li>\n\n\n\n<li>Universidad Cat\u00f3lica Silva Henr\u00edquez (Chili) ;<\/li>\n\n\n\n<li>Universidad de M\u00e1laga &#8211; Facultad de Estudios Sociales y del Trabajo (Espagne)&nbsp;; &nbsp;<\/li>\n\n\n\n<li>Universidad Externado de Colombia &#8211; Facultad de Ciencias Sociales y Humanas (Colombie) ;<\/li>\n\n\n\n<li>Universidade Federal de Mato Grosso (Br\u00e9sil) ;<\/li>\n\n\n\n<li>Universit\u00e9 &#8211; Institut Catholique de Paris (France) ;<\/li>\n\n\n\n<li>Universit\u00e9 Alger 3 &#8211; Facult\u00e9 des Sciences de L&rsquo;information &amp; de la Communication<\/li>\n\n\n\n<li>Universit\u00e9 Bordeaux Montaigne (France) ;<\/li>\n\n\n\n<li>Universit\u00e9 Cheikh-Anta-Diop de Dakar (S\u00e9n\u00e9gal) ; Universit\u00e9 d\u2019Etat d\u2019Ha\u00efti (Ha\u00efti) ;<\/li>\n\n\n\n<li>Universit\u00e9 de Guyane (France) ;<\/li>\n\n\n\n<li>Universit\u00e9 des Antilles (France) ;<\/li>\n\n\n\n<li>Universit\u00e9 du Qu\u00e9bec \u00e0 Montr\u00e9al \u2013 Ecole de Travail social et Facult\u00e9 de communication (Qu\u00e9bec) ;<\/li>\n\n\n\n<li>Universit\u00e9 F\u00e9lix Houphou\u00ebt-Boigny d&rsquo;Abidjan-Cocody (C\u00f4te d\u2019Ivoire) ;<\/li>\n\n\n\n<li>Universit\u00e9 Oran 2 Mohamed Ben Ahmed &#8211; Unit\u00e9 de recherche en Sciences Sociales et Sant\u00e9 GRAS (Alg\u00e9rie)&nbsp;;<\/li>\n\n\n\n<li>Universit\u00e9 Toulouse 2 &#8211; D\u00e9partement sciences de l&rsquo;\u00e9ducation (France).<\/li>\n<\/ul>\n\n\n\n<p><strong>Chaires UNESCO associ\u00e9es : <\/strong><\/p>\n\n\n\n<ul>\n<li>Chaire UNESCO \u00ab Etude des fondements philosophiques de la justice et de la soci\u00e9t\u00e9 d\u00e9mocratique \u00bb (Qu\u00e9bec) ;<\/li>\n\n\n\n<li>Chaire UNESCO \u00ab Pratiques de la philosophie avec les enfants : une base \u00e9ducative pour le dialogue interculturel et la transformation sociale \u00bb (France) ;<\/li>\n<\/ul>\n","protected":false},"excerpt":{"rendered":"<p>Les institutions engag\u00e9es dans la mise en oeuvre op\u00e9rationnelle de la Chaire sont: Les soutiens financiers proviennent de : Les supports \u00e9ditoriaux impliqu\u00e9s dans la valorisation des travaux sont : Les organismes et institutions ayant manifest\u00e9 leur soutien au dispositif &hellip; <a href=\"https:\/\/chaireunesco.iut.u-bordeaux-montaigne.fr\/index.php\/partenariats\/\">Continue reading <span class=\"meta-nav\">&rarr;<\/span><\/a><\/p>\n","protected":false},"author":1,"featured_media":0,"parent":0,"menu_order":0,"comment_status":"closed","ping_status":"closed","template":"","meta":[],"_links":{"self":[{"href":"https:\/\/chaireunesco.iut.u-bordeaux-montaigne.fr\/index.php\/wp-json\/wp\/v2\/pages\/18"}],"collection":[{"href":"https:\/\/chaireunesco.iut.u-bordeaux-montaigne.fr\/index.php\/wp-json\/wp\/v2\/pages"}],"about":[{"href":"https:\/\/chaireunesco.iut.u-bordeaux-montaigne.fr\/index.php\/wp-json\/wp\/v2\/types\/page"}],"author":[{"embeddable":true,"href":"https:\/\/chaireunesco.iut.u-bordeaux-montaigne.fr\/index.php\/wp-json\/wp\/v2\/users\/1"}],"replies":[{"embeddable":true,"href":"https:\/\/chaireunesco.iut.u-bordeaux-montaigne.fr\/index.php\/wp-json\/wp\/v2\/comments?post=18"}],"version-history":[{"count":6,"href":"https:\/\/chaireunesco.iut.u-bordeaux-montaigne.fr\/index.php\/wp-json\/wp\/v2\/pages\/18\/revisions"}],"predecessor-version":[{"id":130,"href":"https:\/\/chaireunesco.iut.u-bordeaux-montaigne.fr\/index.php\/wp-json\/wp\/v2\/pages\/18\/revisions\/130"}],"wp:attachment":[{"href":"https:\/\/chaireunesco.iut.u-bordeaux-montaigne.fr\/index.php\/wp-json\/wp\/v2\/media?parent=18"}],"curies":[{"name":"wp","href":"https:\/\/api.w.org\/{rel}","templated":true}]}}

<p><strong>Les institutions engagées dans la mise en oeuvre opérationnelle de la Chaire sont</strong>: </p>



<ul>
<li>L&rsquo;Université et l’IUT Bordeaux Montaigne</li>



<li>L&rsquo;UMR CNRS Passages 5319</li>
</ul>



<p><strong>Les soutiens financiers proviennent de :</strong> </p>



<ul>
<li>L&rsquo;Université Bordeaux Montaigne</li>



<li>L&rsquo;UMR CNRS Passages 5319</li>



<li>La Coordination Non-Violence XXI</li>
</ul>



<p><strong>Les supports éditoriaux impliqués dans la valorisation des travaux sont</strong> : </p>



<ul>
<li>La maison d’édition «&nbsp;Carrières Sociales Editions&nbsp;» (<a href="https://cseditions.wordpress.com/">https://cseditions.wordpress.com/</a>).</li>



<li>La revue numérique internationale <em>Animation, territoires et pratiques socioculturelles</em> (Revue ATPS &#8211; revue de l&rsquo;UQAM&nbsp;; <a href="https://edition.uqam.ca/atps/about">https://edition.uqam.ca/atps/about</a>)</li>



<li>La revue <em>Alternatives Non-Violentes</em>&nbsp;(<a href="https://www.alternatives-non-violentes.org/Revue">https://www.alternatives-non-violentes.org/Revue</a>&nbsp;)&nbsp;</li>
</ul>



<p><strong>Les organismes et institutions ayant manifesté leur soutien au dispositif sont </strong>: </p>



<ul>
<li>Academic University College for Non-violence and Human Rights (Liban) ;</li>



<li>Anthropological Research Institute (France) ;</li>



<li>Association Centres d&rsquo;animation de Bordeaux, Cultivons le partage (France) ;</li>



<li>Association du lien Interculturel Familial et Social (France) ;</li>



<li>Association Internationale pour la Formation, la Recherche et l’Intervention Sociale (AIFRIS) ;</li>



<li>Association pour la Communication Non-Violente (France) ;</li>



<li>Association pour la réalisation d’activités éducatives, sociales et culturelles de la ville de Nantes (France) ;</li>



<li>ATCC Institut &#8211; Approche et transformation constructives des conflits (France) ;</li>



<li>Commission pour la lutte contre la maltraitance et la promotion de la bientraitance – Ministère des solidarités et de la santé (France) ;</li>



<li>Ecole Libanaise de Formation sociale (France) ;</li>



<li>Ecole Supérieure de Praxis Sociale (France) :</li>



<li>Escola Superior de Educação Lisboa (Portugal) ;</li>



<li>Escola Superior de Educação Santarem (Portugal)</li>



<li>Fédération 3977 contre la maltraitance (France) ;</li>



<li>Fédération nationale d’éducation et de promotion de la santé (France) ;</li>



<li>Haute Ecole de Travail Social HES-SO Genève (Suisse) ;</li>



<li>Haute Ecole de Travail Social HES-SO Lucerne (Suisse) ;</li>



<li>Haute Ecole de Travail Social HES-SO Valais-Wallis (France) ;</li>



<li>Institut de Formation du Mouvement pour une Alternative Non-violente (France) ;</li>



<li>Institut de recherche sur la résolution non-violente des conflits (France) ;</li>



<li>Institut pour la Paix (ICP &#8211; Paris, France)</li>



<li>Institut Supérieur de Formation Sociale et de Communication (ISFSC) Bruxelles (Belgique) ;</li>



<li>Institut Universitaire de technologie de Bordeaux Montaigne (France)&nbsp;;</li>



<li>Mouvement pour une alternative non-violente (France) ;</li>



<li>Non-Violence XXI Coordination (France) ;</li>



<li>Observatoire Universitaire International Education et Prévention (France) ;</li>



<li>Protection Judiciaire de la Jeunesse (France) ;</li>



<li>Réseau interdisciplinaire TRYSPACES (Québec) ;</li>



<li>Réseau International de l’Animation ; UMR CNRS Passages 5319 (France) ;</li>



<li>Union Nationale des Acteurs de la Formation et de la Recherche en Intervention Sociale (France) ;</li>



<li>UMR CNRS Passages 5319 (France)</li>



<li>Universidad Autónoma de Chile (Chili) ;</li>



<li>Universidad Católica Silva Henríquez (Chili) ;</li>



<li>Universidad de Málaga &#8211; Facultad de Estudios Sociales y del Trabajo (Espagne)&nbsp;; &nbsp;</li>



<li>Universidad Externado de Colombia &#8211; Facultad de Ciencias Sociales y Humanas (Colombie) ;</li>



<li>Universidade Federal de Mato Grosso (Brésil) ;</li>



<li>Université &#8211; Institut Catholique de Paris (France) ;</li>



<li>Université Alger 3 &#8211; Faculté des Sciences de L&rsquo;information &amp; de la Communication</li>



<li>Université Bordeaux Montaigne (France) ;</li>



<li>Université Cheikh-Anta-Diop de Dakar (Sénégal) ; Université d’Etat d’Haïti (Haïti) ;</li>



<li>Université de Guyane (France) ;</li>



<li>Université des Antilles (France) ;</li>



<li>Université du Québec à Montréal – Ecole de Travail social et Faculté de communication (Québec) ;</li>



<li>Université Félix Houphouët-Boigny d&rsquo;Abidjan-Cocody (Côte d’Ivoire) ;</li>



<li>Université Oran 2 Mohamed Ben Ahmed &#8211; Unité de recherche en Sciences Sociales et Santé GRAS (Algérie)&nbsp;;</li>



<li>Université Toulouse 2 &#8211; Département sciences de l&rsquo;éducation (France).</li>
</ul>



<p><strong>Chaires UNESCO associées : </strong></p>



<ul>
<li>Chaire UNESCO « Etude des fondements philosophiques de la justice et de la société démocratique » (Québec) ;</li>



<li>Chaire UNESCO « Pratiques de la philosophie avec les enfants : une base éducative pour le dialogue interculturel et la transformation sociale » (France) ;</li>
</ul>

<p>Les institutions engagées dans la mise en oeuvre opérationnelle de la Chaire sont: Les soutiens financiers proviennent de : Les supports éditoriaux impliqués dans la valorisation des travaux sont : Les organismes et institutions ayant manifesté leur soutien au dispositif &hellip; <a href="https://chaireunesco.iut.u-bordeaux-montaigne.fr/index.php/partenariats/">Continue reading <span class="meta-nav">&rarr;</span></a></p>
